ors of 5258.
2, 11, 239
List the prime factors of 1331.
11
What are the prime factors of 10735?
5, 19, 113
What are the prime factors of 119?
7, 17
What are the prime factors of 61476?
2, 3, 47, 109
What are the prime factors of 2720?
2, 5, 17
List the prime factors of 11374.
2, 11, 47
What are the prime factors of 166?
2, 83
List the prime factors of 777.
3, 7, 37
List the prime factors of 2740.
2, 5, 137
What are the prime factors of 1725?
3, 5, 23
List the prime factors of 7174.
2, 17, 211
List the prime factors of 15310.
2, 5, 1531
What are the prime factors of 2385?
3, 5, 53
What are the prime factors of 165020?
2, 5, 37, 223
What are the prime factors of 66869?
11, 6079
List the prime factors of 3045.
3, 5, 7, 29
List the prime factors of 36020.
2, 5, 1801
List the prime factors of 7482.
2, 3, 29, 43
What are the prime factors of 419?
419
What are the prime factors of 39412?
2, 59, 167
List the prime factors of 12924.
2, 3, 359
What are the prime factors of 7230?
2, 3, 5, 241
List the prime factors of 35466.
2, 3, 23, 257
What are the prime factors of 381?
3, 127
List the prime factors of 8137.
79, 103
What are the prime factors of 1165?
5, 233
List the prime factors of 765.
3, 5, 17
What are the prime factors of 1688?
2, 211
List the prime factors of 14260.
2, 5, 23, 31
What are the prime factors of 419?
419
What are the prime factors of 3816?
2, 3, 53
List the prime factors of 2414.
2, 17, 71
What are the prime factors of 142472?
2, 11, 1619
What are the prime factors of 100663?
43, 2341
What are the prime factors of 74758?
2, 37379
What are the prime factors of 1007?
19, 53
What are the prime factors of 7805?
5, 7, 223
What are the prime factors of 76222?
2, 23, 1657
What are the prime factors of 4612?
2, 1153
List the prime factors of 10275.
3, 5, 137
What are the prime factors of 24451?
7, 499
What are the prime factors of 794?
2, 397
List the prime factors of 5786.
2, 11, 263
What are the prime factors of 80735?
5, 67, 241
What are the prime factors of 30005?
5, 17, 353
What are the prime factors of 701?
701
What are the prime factors of 5756?
2, 1439
What are the prime factors of 8992?
2, 281
List the prime factors of 7661.
47, 163
What are the prime factors of 1693?
1693
List the prime factors of 102932.
2, 25733
List the prime factors of 4358.
2, 2179
What are the prime factors of 8119?
23, 353
What are the prime factors of 65?
5, 13
What are the prime factors of 2460?
2, 3, 5, 41
What are the prime factors of 38004?
2, 3, 3167
What are the prime factors of 339?
3, 113
List the prime factors of 6512.
2, 11, 37
What are the prime factors of 1918?
2, 7, 137
List the prime factors of 1584.
2, 3, 11
List the prime factors of 4211.
4211
What are the prime factors of 108?
2, 3
What are the prime factors of 888?
2, 3, 37
What are the prime factors of 1874?
2, 937
What are the prime factors of 13870?
2, 5, 19, 73
What are the prime factors of 11661?
3, 13, 23
List the prime factors of 2701.
37, 73
What are the prime factors of 36359?
103, 353
What are the prime factors of 3763?
53, 71
List the prime factors of 592.
2, 37
What are the prime factors of 4352?
2, 17
List the prime factors of 44.
2, 11
What are the prime factors of 5791?
5791
What are the prime factors of 595?
5, 7, 17
List the prime factors of 42867.
3, 11, 433
What are the prime factors of 33240?
2, 3, 5, 277
List the prime factors of 2543.
2543
List the prime factors of 7948.
2, 1987
List the prime factors of 1306.
2, 653
List the prime factors of 277.
277
What are the prime factors of 1163?
1163
List the prime factors of 9454.
2, 29, 163
What are the prime factors of 25?
5
List the prime factors of 5528.
2, 691
List the prime factors of 1408.
2, 11
List the prime factors of 832.
2, 13
List the prime factors of 90098.
2, 19, 2371
List the prime factors of 1960.
2, 5, 7
List the prime factors of 2174.
2, 1087
What are the prime factors of 1276?
2, 11, 29
What are the prime factors of 41?
41
List the prime factors of 17940.
2, 3, 5, 13, 23
List the prime factors of 1184.
2, 37
What are the prime factors of 5697?
3, 211
What are the prime factors of 9207?
3, 11, 31
List the prime factors of 12641.
12641
What are the prime factors of 457?
457
List the prime factors of 1375.
5, 11
What are the prime factors of 11317?
11317
List the prime factors of 7343.
7, 1049
List the prime factors of 12806.
2, 19, 337
What are the prime factors of 44954?
2, 7, 13, 19
What are the prime factors of 1333?
31, 43
What are the prime factors of 6367?
6367
List the prime factors of 604.
2, 151
List the prime factors of 275.
5, 11
List the prime factors of 3772.
2, 23, 41
What are the prime factors of 2104?
2, 263
List the prime factors of 3100.
2, 5, 31
List the prime factors of 28254.
2, 3, 17, 277
What are the prime factors of 784?
2, 7
List the prime factors of 2500.
2, 5
What are the prime factors of 4540?
2, 5, 227
What are the prime factors of 15103?
11, 1373
List the prime factors of 1784.
2, 223
List the prime factors of 707.
7, 101
List the prime factors of 1959.
3, 653
List the prime factors of 22214.
2, 29, 383
What are the prime factors of 167764?
2, 41941
What are the prime factors of 102548?
2, 31, 827
What are the prime factors of 5470?
2, 5, 547
What are the prime factors of 3604?
2, 17, 53
List the prime factors of 102802.
2, 7, 1049
What are the prime factors of 7802?
2, 47, 83
List the prime factors of 5683.
5683
What are the prime factors of 2746?
2, 1373
List the prime factors of 47506.
2, 23753
List the prime factors of 143.
11, 13
List the prime factors of 1053.
3, 13
What are the prime factors of 57709?
57709
List the prime factors of 40472.
2, 5059
List the prime factors of 2424.
2, 3, 101
What are the prime factors of 13015?
5, 19, 137
What are the prime factors of 588?
2, 3, 7
What are the prime factors of 56987?
7, 1163
What are the prime factors of 12627?
3, 23, 61
List the prime factors of 639.
3, 71
List the prime factors of 1044.
2, 3, 29
What are the prime factors of 982?
2, 491
What are the prime factors of 71725?
5, 19, 151
List the prime factors of 29683.
29683
List the prime factors of 55417.
151, 367
List the prime factors of 30976.
2, 11
List the prime factors of 6138.
2, 3, 11, 31
List the prime factors of 2069.
2069
What are the prime factors of 11496?
2, 3, 479
List the prime factors of 785.
5, 157
List the prime factors of 3857.
7, 19, 29
List the prime factors of 3955.
5, 7, 113
What are the prime factors of 21702?
2, 3, 3617
List the prime factors of 49124.
2, 12281
What are the prime factors of 42?
2, 3, 7
List the prime factors of 315.
3, 5, 7
What are the prime factors of 3250?
2, 5, 13
List the prime factors of 922.
2, 461
What are the prime factors of 24275?
5, 971
What are the prime factors of 568?
2, 71
What are the prime factors of 666?
2, 3, 37
List the prime factors of 95054.
2, 47527
List the prime factors of 1281.
3, 7, 61
What are the prime factors of 3080?
2, 5, 7, 11
List the prime factors of 1189.
29, 41
What are the prime factors of 2790?
2, 3, 5, 31
What are the prime factors of 7161?
3, 7, 11, 31
List the prime factors of 87447.
3, 103, 283
List the prime factors of 1410.
2, 3, 5, 47
List the prime factors of 17561.
17, 1033
List the prime factors of 6763.
6763
List the prime factors of 439.
439
What are the prime factors of 2865?
3, 5, 191
What are the prime factors of 2958?
2, 3, 17, 29
What are the prime factors of 187?
11, 17
List the prime factors of 1160.
2, 5, 29
What are the prime factors of 7841?
7841
What are the prime factors of 3139?
43, 73
List the prime factors of 58400.
2, 5, 73
What are the prime factors of 78598?
2, 13, 3023
List the prime factors of 12957.
3, 7, 617
What are the prime factors of 26366?
2, 13183
List the prime factors of 20572.
2, 37, 139
What are the prime factors of 372?
2, 3, 31
What are the prime factors of 21065?
5, 11, 383
What are the prime factors of 22815?
3, 5, 13
List the prime factors of 26519.
23, 1153
List the prime factors of 20981.
20981
List the prime factors of 42883.
19, 37, 61
What are the prime factors of 52587?
3, 5843
List the prime factors of 43547.
7, 6221
What are the prime factors of 9819?
3, 1091
List the prime factors of 6255.
3, 5, 139
What are the prime factors of 